e number?
True
Is 3762859 prime?
False
Is 15787 prime?
True
Is 4427 prime?
False
Is 407993 prime?
True
Is 214351 a composite number?
False
Is 4139 a composite number?
False
Is 651449 a composite number?
True
Is 694133 a composite number?
True
Is 11213 a composite number?
False
Is 116429 a prime number?
False
Is 157753 composite?
True
Is 22835 a prime number?
False
Is 877 a composite number?
False
Is 2359 a prime number?
False
Is 3376495 a prime number?
False
Is 19091 prime?
False
Is 740717 a prime number?
True
Is 458789 a prime number?
True
Is 346029 a composite number?
True
Is 305078 a prime number?
False
Is 73987 composite?
True
Is 2743 a composite number?
True
Is 189533 a composite number?
True
Is 249215 composite?
True
Is 191413 composite?
False
Is 27527 composite?
False
Is 26947 composite?
False
Is 641 prime?
True
Is 137051 a prime number?
False
Is 61853 prime?
False
Is 87583 composite?
False
Is 16503 a prime number?
False
Is 4589 composite?
True
Is 752981 a composite number?
True
Is 201559 a composite number?
True
Is 113621 composite?
False
Is 13577 prime?
True
Is 1098347 prime?
False
Is 100693 prime?
True
Is 981769 composite?
False
Is 5581 prime?
True
Is 33619 a prime number?
True
Is 366901 prime?
True
Is 19517 prime?
False
Is 66029 a prime number?
True
Is 2321 prime?
False
Is 50647 composite?
False
Is 16301 prime?
True
Is 180043 a composite number?
False
Is 31523 prime?
False
Is 177937 a composite number?
True
Is 214967 prime?
True
Is 563942 prime?
False
Is 221681 a prime number?
False
Is 67883 a prime number?
True
Is 5699 prime?
False
Is 10702 a composite number?
True
Is 102497 a composite number?
False
Is 100247 a prime number?
False
Is 1235761 prime?
True
Is 21751 prime?
True
Is 38287 a composite number?
False
Is 2069 prime?
True
Is 7633 prime?
False
Is 22247 a composite number?
False
Is 198979 composite?
True
Is 39331 a composite number?
True
Is 374513 prime?
False
Is 132589 prime?
True
Is 62659 prime?
True
Is 8923 composite?
False
Is 7978 composite?
True
Is 84199 prime?
True
Is 242839 a prime number?
False
Is 11182 a composite number?
True
Is 64433 a composite number?
False
Is 1267 a prime number?
False
Is 42621 composite?
True
Is 48731 a composite number?
False
Is 1201 a composite number?
False
Is 669 a composite number?
True
Is 25923 a composite number?
True
Is 602341 prime?
True
Is 103307 prime?
True
Is 416947 a composite number?
False
Is 203423 prime?
False
Is 36833 a prime number?
True
Is 412249 a composite number?
False
Is 9773 composite?
True
Is 126199 a composite number?
False
Is 44921 prime?
False
Is 3817 a prime number?
False
Is 50021 prime?
True
Is 4201 composite?
False
Is 580961 a composite number?
True
Is 275851 prime?
False
Is 141209 a prime number?
True
Is 44011 composite?
True
Is 26203 a prime number?
True
Is 86369 a prime number?
True
Is 58873 composite?
True
Is 11593 a prime number?
True
Is 55037 a composite number?
True
Is 17669 a composite number?
False
Is 4853 a composite number?
True
Is 547951 a composite number?
False
Is 41645 a prime number?
False
Is 14281 prime?
True
Is 609901 a prime number?
False
Is 6209 prime?
False
Is 2053 a composite number?
False
Is 181019 composite?
False
Is 173617 composite?
False
Is 690757 composite?
False
Is 12949 prime?
False
Is 471173 a prime number?
True
Is 548927 a composite number?
False
Is 2142001 a prime number?
True
Is 155605 a composite number?
True
Is 3086 prime?
False
Is 261251 prime?
True
Is 6733 a composite number?
False
Is 1369 a composite number?
True
Is 657523 composite?
False
Is 6731 a prime number?
False
Is 910117 a prime number?
False
Is 965329 composite?
False
Is 8727 composite?
True
Is 7631 a composite number?
True
Is 34913 composite?
False
Is 33301 a prime number?
True
Is 29069 a composite number?
True
Is 1949 a prime number?
True
Is 138041 a composite number?
False
Is 166519 composite?
True
Is 25061 a prime number?
False
Is 809603 composite?
False
Is 1886389 a composite number?
False
Is 4679 composite?
False
Is 89627 a composite number?
False
Is 7686823 a composite number?
True
Is 12739 composite?
False
Is 131335 composite?
True
Is 1477 a prime number?
False
Is 3207199 a composite number?
False
Is 188753 prime?
True
Is 184235 composite?
True
Is 2962787 prime?
True
Is 6803 a composite number?
False
Is 27787 composite?
True
Is 50257 a prime number?
False
Is 97757 prime?
False
Is 40627 composite?
False
Is 1538 composite?
True
Is 4507 composite?
False
Is 605309 a composite number?
False
Is 157837 composite?
False
Is 1020557 composite?
False
Is 143093 a prime number?
True
Is 56039 a composite number?
False
Is 92987 composite?
False
Is 259991 a prime number?
True
Is 138239 prime?
True
Is 13121 a composite number?
False
Is 9031 a prime number?
False
Is 27139 prime?
False
Is 151337 a composite number?
False
Is 191413 a prime number?
True
Is 524245 a prime number?
False
Is 153133 composite?
False
Is 13649 a composite number?
False
Is 23041 a prime number?
True
Is 37691 composite?
False
Is 116099 a prime number?
True
Is 222143 prime?
False
Is 39553 composite?
True
Is 25481 composite?
True
Is 33841 a composite number?
True
Is 3017 a composite number?
True
Is 33703 composite?
False
Is 17669 a composite number?
False
Is 70423 a prime number?
True
Is 1643491 a composite number?
False
Is 42923 a prime number?
True
Is 19911 a composite number?
True
Is 1746109 a composite number?
False
Is 179489 a prime number?
False
Is 1641 a composite number?
True
Is 15103 a prime number?
False
Is 6431 prime?
False
Is 789187 prime?
False
Is 4417 composite?
True
Is 94697 composite?
True
Is 8039 composite?
False
Is 9083 composite?
True
Is 142429 prime?
False
Is 289753 a composite number?
True
Is 214577 a prime number?
False
Is 27593 prime?
False
Is 3935 prime?
False
Is 149993 composite?
False
Is 133831 a prime number?
True
Is 59507 a prime number?
False
Is 745501 composite?
True
Is 7619 composite?
True
Is 149 composite?
False
Is 3949 a composite number?
True
Is 77929 a prime number?
True
Is 498089 a composite number?
False
Is 12185 composite?
True
Is 29411 composite?
False
Is 85427 prime?
True
Is 92893 a prime number?
True
Is 12941 composite?
False
Is 55439 prime?
True
Is 28837 composite?
False
Is 5557 a prime number?
True
Is 27203 prime?
False
Is 169357 a prime number?
False
Is 288655 composite?
True
Is 6299 a prime number?
True
Is 58966 a composite number?
True
Is 303027 composite?
True
Is 2419 composite?
True
Is 44071 composite?
False
Is 6547 prime?
True
Is 11483 a prime number?
True
Is 395099 prime?
False
Is 437765 prime?
False
Is 203687 composite?
True
Is 2433 a prime number?
False
Is 4621 composite?
False
Is 613 prime?
True
Is 180917 a prime number?
False
Is 439661 a prime number?
True
Is 712339 a composite number?
False
Is 4637 prime?
True
Is 4633 a prime number?
False
Is 4327 a composite number?
False
Is 4861 composite?
False
Is 146183 prime?
False
Is 234539 composite?
False
Is 8813 a composite number?
True
Is 16138 composite?
True
Is 2933897 prime?
True
Is 12067 a composite number?
True
Is 37451 a prime number?
False
Is 1641 a composite number?
True
Is 42433 composite?
False
Is 34037 prime?
False
Is 706093 composite?
True
Is 31751 a prime number?
True
Is 34667 composite?
False
Is 99923 prime?
True
Is 1959011 composite?
False
Is 520547 prime?
True
Is 169583 a prime number?
True
Is 4919 composite?
False
Is 246529 composite?
True
Is 1438 a composite number?
True
Is 647399 a composite number?
False
Is 46957 composite?
False
Is 462041 composite?
False
Is 19277 a composite number?
True
Is 5623 a composite number?
False
Is 23431 a composite number?
False
Is 128099 a prime number?
True
Is 1687 composite?
True
Is 92641 composite?
False
Is 22901 a composite number?
False
Is 20245 prime?
False
Is 118421 prime?
False
Is 26305 composite?
True
Is 1418611 a prime number?
True
Is 2833 prime?
True
Is 202795 prime?
False
Is 125815 prime?
False
Is 59973 a composite number?
True
Is 386233 a composite number?
False
Is 212701 prime?
True
Is 867247 a composite number?
True
Is 8287 prime?
True
Is 3151 prime?
False
Is 35969 composite?
False
Is 1357709 a composite number?
True
Is 5209 prime?
True
Is 287643 a composite number?
True
Is 718327 a composite number?
True
Is 493919 composite?
False
Is 441143 